95.111.248.201 - - [16/Sep/2026:17:39:50 -0500] "GET / HTTP/1.1" 500 - "-" "Mozilla/5.0 (Windows NT 10.0; Win64; x64) AppleWebKit/537.36 Chrome/152 Safari/537.36" domersant.com 162.241.144.16
66.249.74.5 - - [16/Sep/2026:17:42:08 -0500] "GET /p/embra20501929?id=518187 HTTP/1.1" 500 - "-" "Mozilla/5.0 (Linux; Android 6.0.1; Nexus 5X Build/MMB29P) AppleWebKit/537.36 (KHTML, like Gecko) Chrome/153.0.8010.36 Mobile Safari/537.36 (compatible; Googlebot/2.1; +http://www.google.com/bot.html)" domersant.com 162.241.144.16
66.249.74.5 - - [16/Sep/2026:17:45:04 -0500] "GET /p/chef30918226?id=934484 HTTP/1.1" 500 - "-" "Mozilla/5.0 (Linux; Android 6.0.1; Nexus 5X Build/MMB29P) AppleWebKit/537.36 (KHTML, like Gecko) Chrome/153.0.8010.36 Mobile Safari/537.36 (compatible; Googlebot/2.1; +http://www.google.com/bot.html)" domersant.com 162.241.144.16
66.249.74.6 - - [16/Sep/2026:17:47:20 -0500] "GET /p/unfri40645571?id=661829 HTTP/1.1" 500 - "-" "Mozilla/5.0 (Linux; Android 6.0.1; Nexus 5X Build/MMB29P) AppleWebKit/537.36 (KHTML, like Gecko) Chrome/153.0.8010.36 Mobile Safari/537.36 (compatible; Googlebot/2.1; +http://www.google.com/bot.html)" domersant.com 162.241.144.16
66.249.74.5 - - [16/Sep/2026:17:48:33 -0500] "GET /p/staff82361447?id=2377705 HTTP/1.1" 500 - "-" "Mozilla/5.0 (Linux; Android 6.0.1; Nexus 5X Build/MMB29P) AppleWebKit/537.36 (KHTML, like Gecko) Chrome/153.0.8010.36 Mobile Safari/537.36 (compatible; Googlebot/2.1; +http://www.google.com/bot.html)" domersant.com 162.241.144.16
66.249.74.6 - - [16/Sep/2026:17:58:04 -0500] "GET /p/sung30911890?id=928148 HTTP/1.1" 500 - "-" "Mozilla/5.0 (Linux; Android 6.0.1; Nexus 5X Build/MMB29P) AppleWebKit/537.36 (KHTML, like Gecko) Chrome/153.0.8010.36 Mobile Safari/537.36 (compatible; Googlebot/2.1; +http://www.google.com/bot.html)" domersant.com 162.241.144.16
66.249.74.4 - - [16/Sep/2026:18:00:49 -0500] "GET /p/chef30918226?id=934484 HTTP/1.1" 500 - "-" "Mozilla/5.0 (Linux; Android 6.0.1; Nexus 5X Build/MMB29P) AppleWebKit/537.36 (KHTML, like Gecko) Chrome/153.0.8010.36 Mobile Safari/537.36 (compatible; Googlebot/2.1; +http://www.google.com/bot.html)" domersant.com 162.241.144.16
66.249.74.6 - - [16/Sep/2026:18:03:14 -0500] "GET /p/unfri40645571?id=661829 HTTP/1.1" 500 - "-" "Mozilla/5.0 (Linux; Android 6.0.1; Nexus 5X Build/MMB29P) AppleWebKit/537.36 (KHTML, like Gecko) Chrome/153.0.8010.36 Mobile Safari/537.36 (compatible; Googlebot/2.1; +http://www.google.com/bot.html)" domersant.com 162.241.144.16
66.249.74.6 - - [16/Sep/2026:18:04:08 -0500] "GET /p/keenl11454056?id=1470314 HTTP/1.1" 500 - "-" "Mozilla/5.0 (Linux; Android 6.0.1; Nexus 5X Build/MMB29P) AppleWebKit/537.36 (KHTML, like Gecko) Chrome/153.0.8010.36 Mobile Safari/537.36 (compatible; Googlebot/2.1; +http://www.google.com/bot.html)" domersant.com 162.241.144.16
207.46.13.52 - - [16/Sep/2026:18:04:26 -0500] "GET /p/drago21914457?id=1930715 HTTP/2.0" 500 - "-" "Mozilla/5.0 AppleWebKit/537.36 (KHTML, like Gecko; compatible; bingbot/2.0; +http://www.bing.com/bingbot.htm) Chrome/116.0.1938.76 Safari/537.36" domersant.com 162.241.144.16
66.249.74.6 - - [16/Sep/2026:18:05:44 -0500] "GET /p/prepa71524166?id=1540424 HTTP/1.1" 500 - "-" "Mozilla/5.0 (Linux; Android 6.0.1; Nexus 5X Build/MMB29P) AppleWebKit/537.36 (KHTML, like Gecko) Chrome/153.0.8010.36 Mobile Safari/537.36 (compatible; Googlebot/2.1; +http://www.google.com/bot.html)" domersant.com 162.241.144.16
66.249.74.5 - - [16/Sep/2026:18:06:46 -0500] "GET /p/staff82361447?id=2377705 HTTP/1.1" 500 - "-" "Mozilla/5.0 (Linux; Android 6.0.1; Nexus 5X Build/MMB29P) AppleWebKit/537.36 (KHTML, like Gecko) Chrome/153.0.8010.36 Mobile Safari/537.36 (compatible; Googlebot/2.1; +http://www.google.com/bot.html)" domersant.com 162.241.144.16
66.249.74.4 - - [16/Sep/2026:18:08:03 -0500] "GET /p/groun52364420?id=2380678 HTTP/1.1" 500 - "-" "Mozilla/5.0 (Linux; Android 6.0.1; Nexus 5X Build/MMB29P) AppleWebKit/537.36 (KHTML, like Gecko) Chrome/153.0.8010.36 Mobile Safari/537.36 (compatible; Googlebot/2.1; +http://www.google.com/bot.html)" domersant.com 162.241.144.16
66.249.74.6 - - [16/Sep/2026:18:10:54 -0500] "GET /p/shade10845832?id=862090 HTTP/1.1" 500 - "-" "Mozilla/5.0 (Linux; Android 6.0.1; Nexus 5X Build/MMB29P) AppleWebKit/537.36 (KHTML, like Gecko) Chrome/153.0.8010.36 Mobile Safari/537.36 (compatible; Googlebot/2.1; +http://www.google.com/bot.html)" domersant.com 162.241.144.16
66.249.74.5 - - [16/Sep/2026:18:11:23 -0500] "GET /p/golde50268876?id=285134 HTTP/1.1" 500 - "-" "Mozilla/5.0 (Linux; Android 6.0.1; Nexus 5X Build/MMB29P) AppleWebKit/537.36 (KHTML, like Gecko) Chrome/153.0.8010.36 Mobile Safari/537.36 (compatible; Googlebot/2.1; +http://www.google.com/bot.html)" domersant.com 162.241.144.16
66.249.74.4 - - [16/Sep/2026:18:11:27 -0500] "GET /p/enrol40845947?id=862205 HTTP/1.1" 500 - "-" "Mozilla/5.0 (Linux; Android 6.0.1; Nexus 5X Build/MMB29P) AppleWebKit/537.36 (KHTML, like Gecko) Chrome/153.0.8010.36 Mobile Safari/537.36 (compatible; Googlebot/2.1; +http://www.google.com/bot.html)" domersant.com 162.241.144.16
66.249.74.4 - - [16/Sep/2026:18:14:11 -0500] "GET /p/busy71492222?id=1508480 HTTP/1.1" 500 - "-" "Mozilla/5.0 (Linux; Android 6.0.1; Nexus 5X Build/MMB29P) AppleWebKit/537.36 (KHTML, like Gecko) Chrome/153.0.8010.36 Mobile Safari/537.36 (compatible; Googlebot/2.1; +http://www.google.com/bot.html)" domersant.com 162.241.144.16
157.55.39.6 - - [16/Sep/2026:18:19:49 -0500] "GET /p/alloy20826625?id=842883 HTTP/2.0" 500 - "-" "Mozilla/5.0 AppleWebKit/537.36 (KHTML, like Gecko; compatible; bingbot/2.0; +http://www.bing.com/bingbot.htm) Chrome/116.0.1938.76 Safari/537.36" domersant.com 162.241.144.16
216.73.217.46 - - [16/Sep/2026:18:20:11 -0500] "GET /robots.txt HTTP/2.0" 200 116 "-" "Mozilla/5.0 AppleWebKit/537.36 (KHTML, like Gecko; compatible; ClaudeBot/1.0; +claudebot@anthropic.com)" domersant.com 162.241.144.16
216.73.217.46 - - [16/Sep/2026:18:20:11 -0500] "GET /sitemape.xml HTTP/2.0" 500 - "-" "Mozilla/5.0 AppleWebKit/537.36 (KHTML, like Gecko; compatible; ClaudeBot/1.0; +claudebot@anthropic.com)" domersant.com 162.241.144.16
216.73.217.46 - - [16/Sep/2026:18:20:54 -0500] "GET /sitemap.xml HTTP/2.0" 500 - "-" "Mozilla/5.0 AppleWebKit/537.36 (KHTML, like Gecko; compatible; ClaudeBot/1.0; +claudebot@anthropic.com)" domersant.com 162.241.144.16
216.73.217.46 - - [16/Sep/2026:18:21:28 -0500] "GET /sitemapa.xml HTTP/2.0" 500 - "-" "Mozilla/5.0 AppleWebKit/537.36 (KHTML, like Gecko; compatible; ClaudeBot/1.0; +claudebot@anthropic.com)" domersant.com 162.241.144.16
66.249.74.5 - - [16/Sep/2026:18:22:31 -0500] "GET /p/thril52605484?id=2621742 HTTP/1.1" 500 - "-" "Mozilla/5.0 (Linux; Android 6.0.1; Nexus 5X Build/MMB29P) AppleWebKit/537.36 (KHTML, like Gecko) Chrome/153.0.8010.36 Mobile Safari/537.36 (compatible; Googlebot/2.1; +http://www.google.com/bot.html)" domersant.com 162.241.144.16
157.55.39.6 - - [16/Sep/2026:18:25:01 -0500] "GET /p/hairc42043571?id=2059829 HTTP/2.0" 500 - "-" "Mozilla/5.0 AppleWebKit/537.36 (KHTML, like Gecko; compatible; bingbot/2.0; +http://www.bing.com/bingbot.htm) Chrome/116.0.1938.76 Safari/537.36" domersant.com 162.241.144.16
66.249.74.6 - - [16/Sep/2026:18:25:12 -0500] "GET /p/shade10845832?id=862090 HTTP/1.1" 500 - "-" "Mozilla/5.0 (Linux; Android 6.0.1; Nexus 5X Build/MMB29P) AppleWebKit/537.36 (KHTML, like Gecko) Chrome/153.0.8010.36 Mobile Safari/537.36 (compatible; Googlebot/2.1; +http://www.google.com/bot.html)" domersant.com 162.241.144.16
216.73.217.46 - - [16/Sep/2026:18:25:43 -0500] "GET /sitemapd.xml HTTP/2.0" 500 - "-" "Mozilla/5.0 AppleWebKit/537.36 (KHTML, like Gecko; compatible; ClaudeBot/1.0; +claudebot@anthropic.com)" domersant.com 162.241.144.16
66.249.74.6 - - [16/Sep/2026:18:27:53 -0500] "GET /p/busy71492222?id=1508480 HTTP/1.1" 500 - "-" "Mozilla/5.0 (Linux; Android 6.0.1; Nexus 5X Build/MMB29P) AppleWebKit/537.36 (KHTML, like Gecko) Chrome/153.0.8010.36 Mobile Safari/537.36 (compatible; Googlebot/2.1; +http://www.google.com/bot.html)" domersant.com 162.241.144.16
216.73.217.46 - - [16/Sep/2026:18:28:07 -0500] "GET /sitemapb.xml HTTP/2.0" 500 - "-" "Mozilla/5.0 AppleWebKit/537.36 (KHTML, like Gecko; compatible; ClaudeBot/1.0; +claudebot@anthropic.com)" domersant.com 162.241.144.16
216.73.217.46 - - [16/Sep/2026:18:30:10 -0500] "GET /sitemapc.xml HTTP/2.0" 500 - "-" "Mozilla/5.0 AppleWebKit/537.36 (KHTML, like Gecko; compatible; ClaudeBot/1.0; +claudebot@anthropic.com)" domersant.com 162.241.144.16
207.46.13.52 - - [16/Sep/2026:18:34:08 -0500] "GET /p/netwo31798562?id=1814820 HTTP/2.0" 500 - "-" "Mozilla/5.0 AppleWebKit/537.36 (KHTML, like Gecko; compatible; bingbot/2.0; +http://www.bing.com/bingbot.htm) Chrome/116.0.1938.76 Safari/537.36" domersant.com 162.241.144.16
14.187.35.122 - - [16/Sep/2026:18:34:16 -0500] "GET / HTTP/1.1" 500 - "https://websitecheckertool.site/dir/results-focused-backlinks-57282" "Mozilla/5.0 (X11; Linux x86_64; rv:121.0) Gecko/20100101 Firefox/121.0" domersant.com 162.241.144.16
66.249.74.5 - - [16/Sep/2026:18:49:08 -0500] "GET /p/cotta10455192?id=471450 HTTP/1.1" 500 - "-" "Mozilla/5.0 (Linux; Android 6.0.1; Nexus 5X Build/MMB29P) AppleWebKit/537.36 (KHTML, like Gecko) Chrome/153.0.8010.36 Mobile Safari/537.36 (compatible; Googlebot/2.1; +http://www.google.com/bot.html)" domersant.com 162.241.144.16
207.46.13.36 - - [16/Sep/2026:18:51:44 -0500] "GET /p/liter72858022?id=2874280 HTTP/2.0" 500 - "-" "Mozilla/5.0 AppleWebKit/537.36 (KHTML, like Gecko; compatible; bingbot/2.0; +http://www.bing.com/bingbot.htm) Chrome/116.0.1938.76 Safari/537.36" domersant.com 162.241.144.16
216.73.217.46 - - [16/Sep/2026:18:55:54 -0500] "GET /sitemap.xml HTTP/2.0" 500 - "-" "Mozilla/5.0 AppleWebKit/537.36 (KHTML, like Gecko; compatible; ClaudeBot/1.0; +claudebot@anthropic.com)" domersant.com 162.241.144.16
216.73.217.46 - - [16/Sep/2026:18:56:21 -0500] "GET /sitemapc.xml HTTP/2.0" 500 - "-" "Mozilla/5.0 AppleWebKit/537.36 (KHTML, like Gecko; compatible; ClaudeBot/1.0; +claudebot@anthropic.com)" domersant.com 162.241.144.16
216.73.217.46 - - [16/Sep/2026:18:56:48 -0500] "GET /sitemape.xml HTTP/2.0" 500 - "-" "Mozilla/5.0 AppleWebKit/537.36 (KHTML, like Gecko; compatible; ClaudeBot/1.0; +claudebot@anthropic.com)" domersant.com 162.241.144.16
216.73.217.46 - - [16/Sep/2026:18:57:26 -0500] "GET /sitemapa.xml HTTP/2.0" 500 - "-" "Mozilla/5.0 AppleWebKit/537.36 (KHTML, like Gecko; compatible; ClaudeBot/1.0; +claudebot@anthropic.com)" domersant.com 162.241.144.16
216.73.217.46 - - [16/Sep/2026:18:58:10 -0500] "GET /sitemapd.xml HTTP/2.0" 500 - "-" "Mozilla/5.0 AppleWebKit/537.36 (KHTML, like Gecko; compatible; ClaudeBot/1.0; +claudebot@anthropic.com)" domersant.com 162.241.144.16
66.249.74.4 - - [16/Sep/2026:18:58:46 -0500] "GET /p/fog70074766?id=91024 HTTP/1.1" 500 - "-" "Mozilla/5.0 (Linux; Android 6.0.1; Nexus 5X Build/MMB29P) AppleWebKit/537.36 (KHTML, like Gecko) Chrome/153.0.8010.36 Mobile Safari/537.36 (compatible; Googlebot/2.1; +http://www.google.com/bot.html)" domersant.com 162.241.144.16
66.249.74.6 - - [16/Sep/2026:18:59:38 -0500] "GET /p/barre11522776?id=1539034 HTTP/1.1" 500 - "-" "Mozilla/5.0 (Linux; Android 6.0.1; Nexus 5X Build/MMB29P) AppleWebKit/537.36 (KHTML, like Gecko) Chrome/153.0.8010.36 Mobile Safari/537.36 (compatible; Googlebot/2.1; +http://www.google.com/bot.html)" domersant.com 162.241.144.16
216.73.217.46 - - [16/Sep/2026:19:00:06 -0500] "GET /sitemapb.xml HTTP/2.0" 500 - "-" "Mozilla/5.0 AppleWebKit/537.36 (KHTML, like Gecko; compatible; ClaudeBot/1.0; +claudebot@anthropic.com)" domersant.com 162.241.144.16
66.249.74.5 - - [16/Sep/2026:19:31:54 -0500] "GET /p/pie11376576?id=1392834 HTTP/1.1" 500 - "-" "Mozilla/5.0 (Linux; Android 6.0.1; Nexus 5X Build/MMB29P) AppleWebKit/537.36 (KHTML, like Gecko) Chrome/153.0.8010.36 Mobile Safari/537.36 (compatible; Googlebot/2.1; +http://www.google.com/bot.html)" domersant.com 162.241.144.16
66.249.74.6 - - [16/Sep/2026:19:33:15 -0500] "GET /p/bow31633738?id=1649996 HTTP/1.1" 500 - "-" "Mozilla/5.0 (Linux; Android 6.0.1; Nexus 5X Build/MMB29P) AppleWebKit/537.36 (KHTML, like Gecko) Chrome/153.0.8010.36 Mobile Safari/537.36 (compatible; Googlebot/2.1; +http://www.google.com/bot.html)" domersant.com 162.241.144.16
66.249.74.6 - - [16/Sep/2026:19:34:29 -0500] "GET /p/volum11819560?id=1835818 HTTP/1.1" 500 - "-" "Mozilla/5.0 (Linux; Android 6.0.1; Nexus 5X Build/MMB29P) AppleWebKit/537.36 (KHTML, like Gecko) Chrome/153.0.8010.36 Mobile Safari/537.36 (compatible; Googlebot/2.1; +http://www.google.com/bot.html)" domersant.com 162.241.144.16
52.167.144.197 - - [16/Sep/2026:19:43:52 -0500] "GET /p/deep62072557?id=2088815 HTTP/2.0" 500 - "-" "Mozilla/5.0 AppleWebKit/537.36 (KHTML, like Gecko; compatible; bingbot/2.0; +http://www.bing.com/bingbot.htm) Chrome/116.0.1938.76 Safari/537.36" domersant.com 162.241.144.16
66.249.74.6 - - [16/Sep/2026:19:44:28 -0500] "GET /p/pie11376576?id=1392834 HTTP/1.1" 500 - "-" "Mozilla/5.0 (Linux; Android 6.0.1; Nexus 5X Build/MMB29P) AppleWebKit/537.36 (KHTML, like Gecko) Chrome/153.0.8010.36 Mobile Safari/537.36 (compatible; Googlebot/2.1; +http://www.google.com/bot.html)" domersant.com 162.241.144.16
66.249.74.5 - - [16/Sep/2026:19:46:09 -0500] "GET /p/bow31633738?id=1649996 HTTP/1.1" 500 - "-" "Mozilla/5.0 (Linux; Android 6.0.1; Nexus 5X Build/MMB29P) AppleWebKit/537.36 (KHTML, like Gecko) Chrome/153.0.8010.36 Mobile Safari/537.36 (compatible; Googlebot/2.1; +http://www.google.com/bot.html)" domersant.com 162.241.144.16
66.249.74.6 - - [16/Sep/2026:19:47:23 -0500] "GET /p/volum11819560?id=1835818 HTTP/1.1" 500 - "-" "Mozilla/5.0 (Linux; Android 6.0.1; Nexus 5X Build/MMB29P) AppleWebKit/537.36 (KHTML, like Gecko) Chrome/153.0.8010.36 Mobile Safari/537.36 (compatible; Googlebot/2.1; +http://www.google.com/bot.html)" domersant.com 162.241.144.16
66.249.74.5 - - [16/Sep/2026:19:48:05 -0500] "GET /p/unexp81071255?id=1087513 HTTP/1.1" 500 - "-" "Mozilla/5.0 (Linux; Android 6.0.1; Nexus 5X Build/MMB29P) AppleWebKit/537.36 (KHTML, like Gecko) Chrome/153.0.8010.36 Mobile Safari/537.36 (compatible; Googlebot/2.1; +http://www.google.com/bot.html)" domersant.com 162.241.144.16
66.249.74.5 - - [16/Sep/2026:19:48:32 -0500] "GET /p/root80061335?id=77593 HTTP/1.1" 500 - "-" "Mozilla/5.0 (Linux; Android 6.0.1; Nexus 5X Build/MMB29P) AppleWebKit/537.36 (KHTML, like Gecko) Chrome/153.0.8010.36 Mobile Safari/537.36 (compatible; Googlebot/2.1; +http://www.google.com/bot.html)" domersant.com 162.241.144.16
66.249.74.4 - - [16/Sep/2026:19:50:32 -0500] "GET /p/vacan30246906?id=263164 HTTP/1.1" 500 - "-" "Mozilla/5.0 (Linux; Android 6.0.1; Nexus 5X Build/MMB29P) AppleWebKit/537.36 (KHTML, like Gecko) Chrome/153.0.8010.36 Mobile Safari/537.36 (compatible; Googlebot/2.1; +http://www.google.com/bot.html)" domersant.com 162.241.144.16
66.249.74.5 - - [16/Sep/2026:19:50:55 -0500] "GET /p/cheer80961095?id=977353 HTTP/1.1" 500 - "-" "Mozilla/5.0 (Linux; Android 6.0.1; Nexus 5X Build/MMB29P) AppleWebKit/537.36 (KHTML, like Gecko) Chrome/153.0.8010.36 Mobile Safari/537.36 (compatible; Googlebot/2.1; +http://www.google.com/bot.html)" domersant.com 162.241.144.16
66.249.74.5 - - [16/Sep/2026:19:51:32 -0500] "GET /p/brim71246998?id=1263256 HTTP/1.1" 500 - "-" "Mozilla/5.0 (Linux; Android 6.0.1; Nexus 5X Build/MMB29P) AppleWebKit/537.36 (KHTML, like Gecko) Chrome/153.0.8010.36 Mobile Safari/537.36 (compatible; Googlebot/2.1; +http://www.google.com/bot.html)" domersant.com 162.241.144.16
66.249.74.4 - - [16/Sep/2026:19:52:37 -0500] "GET /p/chick42648387?id=2664645 HTTP/1.1" 500 - "-" "Mozilla/5.0 (Linux; Android 6.0.1; Nexus 5X Build/MMB29P) AppleWebKit/537.36 (KHTML, like Gecko) Chrome/153.0.8010.36 Mobile Safari/537.36 (compatible; Googlebot/2.1; +http://www.google.com/bot.html)" domersant.com 162.241.144.16
66.249.74.4 - - [16/Sep/2026:19:53:37 -0500] "GET /p/thick42112163?id=2128421 HTTP/1.1" 500 - "-" "Mozilla/5.0 (Linux; Android 6.0.1; Nexus 5X Build/MMB29P) AppleWebKit/537.36 (KHTML, like Gecko) Chrome/153.0.8010.36 Mobile Safari/537.36 (compatible; Googlebot/2.1; +http://www.google.com/bot.html)" domersant.com 162.241.144.16
144.172.99.12 - - [16/Sep/2026:19:54:34 -0500] "GET /.env HTTP/1.1" 406 226 "-" "Mozilla/5.0 (Windows NT 10.0; Win64; x64) AppleWebKit/537.36 (KHTML, like Gecko) Chrome/137.0.0.0 Safari/537.36" domersant.com 162.241.144.16
144.172.99.12 - - [16/Sep/2026:19:54:34 -0500] "GET /.env.local HTTP/1.1" 500 - "-" "Mozilla/5.0 (Windows NT 10.0; Win64; x64) AppleWebKit/537.36 (KHTML, like Gecko) Chrome/137.0.0.0 Safari/537.36" domersant.com 162.241.144.16
66.249.74.4 - - [16/Sep/2026:19:54:58 -0500] "GET /p/stair42164411?id=2180669 HTTP/1.1" 500 - "-" "Mozilla/5.0 (Linux; Android 6.0.1; Nexus 5X Build/MMB29P) AppleWebKit/537.36 (KHTML, like Gecko) Chrome/153.0.8010.36 Mobile Safari/537.36 (compatible; Googlebot/2.1; +http://www.google.com/bot.html)" domersant.com 162.241.144.16
74.7.175.185 - - [16/Sep/2026:19:55:46 -0500] "GET /robots.txt HTTP/2.0" 200 116 "-" "Mozilla/5.0 (Macintosh; Intel Mac OS X 10_15_7) AppleWebKit/537.36 (KHTML, like Gecko) Chrome/131.0.0.0 Safari/537.36; compatible; OAI-SearchBot/1.4; robots.txt; +https://openai.com/searchbot" domersant.com 162.241.144.16
207.46.13.102 - - [16/Sep/2026:19:57:46 -0500] "GET /p/helpf21653001?id=1669259 HTTP/2.0" 500 - "-" "Mozilla/5.0 AppleWebKit/537.36 (KHTML, like Gecko; compatible; bingbot/2.0; +http://www.bing.com/bingbot.htm) Chrome/116.0.1938.76 Safari/537.36" domersant.com 162.241.144.16
66.249.74.4 - - [16/Sep/2026:19:58:20 -0500] "GET /p/heal40578803?id=595061 HTTP/1.1" 500 - "-" "Mozilla/5.0 (Linux; Android 6.0.1; Nexus 5X Build/MMB29P) AppleWebKit/537.36 (KHTML, like Gecko) Chrome/153.0.8010.36 Mobile Safari/537.36 (compatible; Googlebot/2.1; +http://www.google.com/bot.html)" domersant.com 162.241.144.16
168.181.189.197 - - [16/Sep/2026:20:00:30 -0500] "GET / HTTP/1.1" 500 - "https://dacheckertool.space/dir/results-focused-backlinks-57282" "Mozilla/5.0 (Macintosh; Intel Mac OS X 10_15_7) AppleWebKit/605.1.15 (KHTML, like Gecko) Version/17.2 Safari/605.1.15" domersant.com 162.241.144.16
37.239.81.23 - - [16/Sep/2026:20:02:00 -0500] "GET / HTTP/1.1" 500 - "https://backlinkscheckerseo.site/dir/results-focused-backlinks-57282" "Mozilla/5.0 (Macintosh; Intel Mac OS X 10_15_7) AppleWebKit/537.36 (KHTML, like Gecko) Chrome/126.0.6478.127 Safari/537.36" domersant.com 162.241.144.16
66.249.74.5 - - [16/Sep/2026:20:03:19 -0500] "GET /p/vacan30246906?id=263164 HTTP/1.1" 500 - "-" "Mozilla/5.0 (Linux; Android 6.0.1; Nexus 5X Build/MMB29P) AppleWebKit/537.36 (KHTML, like Gecko) Chrome/153.0.8010.36 Mobile Safari/537.36 (compatible; Googlebot/2.1; +http://www.google.com/bot.html)" domersant.com 162.241.144.16
66.249.74.5 - - [16/Sep/2026:20:04:06 -0500] "GET /p/cheer80961095?id=977353 HTTP/1.1" 500 - "-" "Mozilla/5.0 (Linux; Android 6.0.1; Nexus 5X Build/MMB29P) AppleWebKit/537.36 (KHTML, like Gecko) Chrome/153.0.8010.36 Mobile Safari/537.36 (compatible; Googlebot/2.1; +http://www.google.com/bot.html)" domersant.com 162.241.144.16
66.249.74.5 - - [16/Sep/2026:20:04:43 -0500] "GET /p/brim71246998?id=1263256 HTTP/1.1" 500 - "-" "Mozilla/5.0 (Linux; Android 6.0.1; Nexus 5X Build/MMB29P) AppleWebKit/537.36 (KHTML, like Gecko) Chrome/153.0.8010.36 Mobile Safari/537.36 (compatible; Googlebot/2.1; +http://www.google.com/bot.html)" domersant.com 162.241.144.16
66.249.74.6 - - [16/Sep/2026:20:05:27 -0500] "GET /p/psych80997831?id=1014089 HTTP/1.1" 500 - "-" "Mozilla/5.0 (Linux; Android 6.0.1; Nexus 5X Build/MMB29P) AppleWebKit/537.36 (KHTML, like Gecko) Chrome/153.0.8010.36 Mobile Safari/537.36 (compatible; Googlebot/2.1; +http://www.google.com/bot.html)" domersant.com 162.241.144.16
66.249.74.4 - - [16/Sep/2026:20:06:06 -0500] "GET /p/chick42648387?id=2664645 HTTP/1.1" 500 - "-" "Mozilla/5.0 (Linux; Android 6.0.1; Nexus 5X Build/MMB29P) AppleWebKit/537.36 (KHTML, like Gecko) Chrome/153.0.8010.36 Mobile Safari/537.36 (compatible; Googlebot/2.1; +http://www.google.com/bot.html)" domersant.com 162.241.144.16
66.249.74.5 - - [16/Sep/2026:20:06:29 -0500] "GET /p/thick42112163?id=2128421 HTTP/1.1" 500 - "-" "Mozilla/5.0 (Linux; Android 6.0.1; Nexus 5X Build/MMB29P) AppleWebKit/537.36 (KHTML, like Gecko) Chrome/153.0.8010.36 Mobile Safari/537.36 (compatible; Googlebot/2.1; +http://www.google.com/bot.html)" domersant.com 162.241.144.16
66.249.74.5 - - [16/Sep/2026:20:07:38 -0500] "GET /p/presi20608369?id=624627 HTTP/1.1" 500 - "-" "Mozilla/5.0 (Linux; Android 6.0.1; Nexus 5X Build/MMB29P) AppleWebKit/537.36 (KHTML, like Gecko) Chrome/153.0.8010.36 Mobile Safari/537.36 (compatible; Googlebot/2.1; +http://www.google.com/bot.html)" domersant.com 162.241.144.16
4.148.8.97 - - [16/Sep/2026:20:09:20 -0500] "GET / HTTP/1.1" 500 - "-" "Mozilla/5.0 (Windows NT 10.0; Win64; x64) AppleWebKit/537.36 (KHTML, like Gecko) Chrome/131.0.0.0 Safari/537.36" domersant.com 162.241.144.16
4.148.8.97 - - [16/Sep/2026:20:09:22 -0500] "GET /feed/ HTTP/1.1" 500 - "-" "Mozilla/5.0 (Windows NT 10.0; Win64; x64) AppleWebKit/537.36 (KHTML, like Gecko) Chrome/131.0.0.0 Safari/537.36" domersant.com 162.241.144.16
4.148.8.97 - - [16/Sep/2026:20:09:25 -0500] "GET /wp-login.php HTTP/1.1" 409 83 "-" "Mozilla/5.0 (Windows NT 10.0; Win64; x64) AppleWebKit/537.36 (KHTML, like Gecko) Chrome/131.0.0.0 Safari/537.36" domersant.com 162.241.144.16
4.148.8.97 - - [16/Sep/2026:20:09:26 -0500] "GET /wp-json/ HTTP/1.1" 500 - "-" "Mozilla/5.0 (Windows NT 10.0; Win64; x64) AppleWebKit/537.36 (KHTML, like Gecko) Chrome/131.0.0.0 Safari/537.36" domersant.com 162.241.144.16
4.148.8.97 - - [16/Sep/2026:20:09:28 -0500] "GET /xmlrpc.php HTTP/1.1" 409 83 "-" "Mozilla/5.0 (Windows NT 10.0; Win64; x64) AppleWebKit/537.36 (KHTML, like Gecko) Chrome/131.0.0.0 Safari/537.36" domersant.com 162.241.144.16
4.148.8.97 - - [16/Sep/2026:20:09:31 -0500] "GET /robots.txt HTTP/1.1" 200 116 "-" "Mozilla/5.0 (Windows NT 10.0; Win64; x64) AppleWebKit/537.36 (KHTML, like Gecko) Chrome/131.0.0.0 Safari/537.36" domersant.com 162.241.144.16
66.249.74.5 - - [16/Sep/2026:20:09:36 -0500] "GET /p/both10428888?id=445146 HTTP/1.1" 500 - "-" "Mozilla/5.0 (Linux; Android 6.0.1; Nexus 5X Build/MMB29P) AppleWebKit/537.36 (KHTML, like Gecko) Chrome/153.0.8010.36 Mobile Safari/537.36 (compatible; Googlebot/2.1; +http://www.google.com/bot.html)" domersant.com 162.241.144.16
66.249.74.6 - - [16/Sep/2026:20:10:46 -0500] "GET /p/conju71697350?id=1713608 HTTP/1.1" 500 - "-" "Mozilla/5.0 (Linux; Android 6.0.1; Nexus 5X Build/MMB29P) AppleWebKit/537.36 (KHTML, like Gecko) Chrome/153.0.8010.36 Mobile Safari/537.36 (compatible; Googlebot/2.1; +http://www.google.com/bot.html)" domersant.com 162.241.144.16
66.249.74.5 - - [16/Sep/2026:20:11:54 -0500] "GET /p/poiso32249954?id=2266212 HTTP/1.1" 500 - "-" "Mozilla/5.0 (Linux; Android 6.0.1; Nexus 5X Build/MMB29P) AppleWebKit/537.36 (KHTML, like Gecko) Chrome/153.0.8010.36 Mobile Safari/537.36 (compatible; Googlebot/2.1; +http://www.google.com/bot.html)" domersant.com 162.241.144.16
52.167.144.67 - - [16/Sep/2026:20:19:47 -0500] "GET /robots.txt HTTP/2.0" 200 116 "-" "Mozilla/5.0 AppleWebKit/537.36 (KHTML, like Gecko; compatible; bingbot/2.0; +http://www.bing.com/bingbot.htm) Chrome/116.0.1938.76 Safari/537.36" domersant.com 162.241.144.16
66.249.74.5 - - [16/Sep/2026:20:20:09 -0500] "GET /p/both10428888?id=445146 HTTP/1.1" 500 - "-" "Mozilla/5.0 (Linux; Android 6.0.1; Nexus 5X Build/MMB29P) AppleWebKit/537.36 (KHTML, like Gecko) Chrome/153.0.8010.36 Mobile Safari/537.36 (compatible; Googlebot/2.1; +http://www.google.com/bot.html)" domersant.com 162.241.144.16
66.249.74.4 - - [16/Sep/2026:20:21:33 -0500] "GET /p/china81541111?id=1557369 HTTP/1.1" 500 - "-" "Mozilla/5.0 (Linux; Android 6.0.1; Nexus 5X Build/MMB29P) AppleWebKit/537.36 (KHTML, like Gecko) Chrome/153.0.8010.36 Mobile Safari/537.36 (compatible; Googlebot/2.1; +http://www.google.com/bot.html)" domersant.com 162.241.144.16
66.249.74.4 - - [16/Sep/2026:20:22:46 -0500] "GET /p/press11365376?id=1381634 HTTP/1.1" 500 - "-" "Mozilla/5.0 (Linux; Android 6.0.1; Nexus 5X Build/MMB29P) AppleWebKit/537.36 (KHTML, like Gecko) Chrome/153.0.8010.36 Mobile Safari/537.36 (compatible; Googlebot/2.1; +http://www.google.com/bot.html)" domersant.com 162.241.144.16
216.73.217.46 - - [16/Sep/2026:20:22:56 -0500] "GET /robots.txt HTTP/2.0" 200 116 "-" "Mozilla/5.0 AppleWebKit/537.36 (KHTML, like Gecko; compatible; ClaudeBot/1.0; +claudebot@anthropic.com)" domersant.com 162.241.144.16
216.73.217.46 - - [16/Sep/2026:20:22:57 -0500] "GET /sitemape.xml HTTP/2.0" 500 - "-" "Mozilla/5.0 AppleWebKit/537.36 (KHTML, like Gecko; compatible; ClaudeBot/1.0; +claudebot@anthropic.com)" domersant.com 162.241.144.16
66.249.74.6 - - [16/Sep/2026:20:25:55 -0500] "GET /p/poiso32249954?id=2266212 HTTP/1.1" 500 - "-" "Mozilla/5.0 (Linux; Android 6.0.1; Nexus 5X Build/MMB29P) AppleWebKit/537.36 (KHTML, like Gecko) Chrome/153.0.8010.36 Mobile Safari/537.36 (compatible; Googlebot/2.1; +http://www.google.com/bot.html)" domersant.com 162.241.144.16
216.73.217.46 - - [16/Sep/2026:20:26:35 -0500] "GET /sitemap.xml HTTP/2.0" 500 - "-" "Mozilla/5.0 AppleWebKit/537.36 (KHTML, like Gecko; compatible; ClaudeBot/1.0; +claudebot@anthropic.com)" domersant.com 162.241.144.16
216.73.217.46 - - [16/Sep/2026:20:28:35 -0500] "GET /sitemapc.xml HTTP/2.0" 500 - "-" "Mozilla/5.0 AppleWebKit/537.36 (KHTML, like Gecko; compatible; ClaudeBot/1.0; +claudebot@anthropic.com)" domersant.com 162.241.144.16
66.249.74.6 - - [16/Sep/2026:20:28:42 -0500] "GET /p/postg61982205?id=1998463 HTTP/1.1" 500 - "-" "Mozilla/5.0 (Linux; Android 6.0.1; Nexus 5X Build/MMB29P) AppleWebKit/537.36 (KHTML, like Gecko) Chrome/153.0.8010.36 Mobile Safari/537.36 (compatible; Googlebot/2.1; +http://www.google.com/bot.html)" domersant.com 162.241.144.16
66.249.74.5 - - [16/Sep/2026:20:28:53 -0500] "GET /p/outst42765699?id=2781957 HTTP/1.1" 500 - "-" "Mozilla/5.0 (Linux; Android 6.0.1; Nexus 5X Build/MMB29P) AppleWebKit/537.36 (KHTML, like Gecko) Chrome/153.0.8010.36 Mobile Safari/537.36 (compatible; Googlebot/2.1; +http://www.google.com/bot.html)" domersant.com 162.241.144.16
216.73.217.46 - - [16/Sep/2026:20:29:10 -0500] "GET /sitemapa.xml HTTP/2.0" 500 - "-" "Mozilla/5.0 AppleWebKit/537.36 (KHTML, like Gecko; compatible; ClaudeBot/1.0; +claudebot@anthropic.com)" domersant.com 162.241.144.16
216.73.217.46 - - [16/Sep/2026:20:29:12 -0500] "GET /sitemapb.xml HTTP/2.0" 500 - "-" "Mozilla/5.0 AppleWebKit/537.36 (KHTML, like Gecko; compatible; ClaudeBot/1.0; +claudebot@anthropic.com)" domersant.com 162.241.144.16
66.249.74.4 - - [16/Sep/2026:20:29:43 -0500] "GET /p/royal82559055?id=2575313 HTTP/1.1" 500 - "-" "Mozilla/5.0 (Linux; Android 6.0.1; Nexus 5X Build/MMB29P) AppleWebKit/537.36 (KHTML, like Gecko) Chrome/153.0.8010.36 Mobile Safari/537.36 (compatible; Googlebot/2.1; +http://www.google.com/bot.html)" domersant.com 162.241.144.16
216.73.217.46 - - [16/Sep/2026:20:29:51 -0500] "GET /sitemapd.xml HTTP/2.0" 500 - "-" "Mozilla/5.0 AppleWebKit/537.36 (KHTML, like Gecko; compatible; ClaudeBot/1.0; +claudebot@anthropic.com)" domersant.com 162.241.144.16
66.249.74.4 - - [16/Sep/2026:20:30:23 -0500] "GET /p/anoth30645234?id=661492 HTTP/1.1" 500 - "-" "Mozilla/5.0 (Linux; Android 6.0.1; Nexus 5X Build/MMB29P) AppleWebKit/537.36 (KHTML, like Gecko) Chrome/153.0.8010.36 Mobile Safari/537.36 (compatible; Googlebot/2.1; +http://www.google.com/bot.html)" domersant.com 162.241.144.16
66.249.74.4 - - [16/Sep/2026:20:30:48 -0500] "GET /p/fold30257690?id=273948 HTTP/1.1" 500 - "-" "Mozilla/5.0 (Linux; Android 6.0.1; Nexus 5X Build/MMB29P) AppleWebKit/537.36 (KHTML, like Gecko) Chrome/153.0.8010.36 Mobile Safari/537.36 (compatible; Googlebot/2.1; +http://www.google.com/bot.html)" domersant.com 162.241.144.16
66.249.74.5 - - [16/Sep/2026:20:36:03 -0500] "GET /p/outst42765699?id=2781957 HTTP/1.1" 500 - "-" "Mozilla/5.0 (Linux; Android 6.0.1; Nexus 5X Build/MMB29P) AppleWebKit/537.36 (KHTML, like Gecko) Chrome/153.0.8010.36 Mobile Safari/537.36 (compatible; Googlebot/2.1; +http://www.google.com/bot.html)" domersant.com 162.241.144.16
207.46.13.52 - - [16/Sep/2026:20:36:55 -0500] "GET /p/downw21378481?id=1394739 HTTP/2.0" 500 - "-" "Mozilla/5.0 AppleWebKit/537.36 (KHTML, like Gecko; compatible; bingbot/2.0; +http://www.bing.com/bingbot.htm) Chrome/116.0.1938.76 Safari/537.36" domersant.com 162.241.144.16
66.249.74.6 - - [16/Sep/2026:20:39:48 -0500] "GET /p/postg61982205?id=1998463 HTTP/1.1" 500 - "-" "Mozilla/5.0 (Linux; Android 6.0.1; Nexus 5X Build/MMB29P) AppleWebKit/537.36 (KHTML, like Gecko) Chrome/153.0.8010.36 Mobile Safari/537.36 (compatible; Googlebot/2.1; +http://www.google.com/bot.html)" domersant.com 162.241.144.16
66.249.74.4 - - [16/Sep/2026:20:40:16 -0500] "GET /p/royal82559055?id=2575313 HTTP/1.1" 500 - "-" "Mozilla/5.0 (Linux; Android 6.0.1; Nexus 5X Build/MMB29P) AppleWebKit/537.36 (KHTML, like Gecko) Chrome/153.0.8010.36 Mobile Safari/537.36 (compatible; Googlebot/2.1; +http://www.google.com/bot.html)" domersant.com 162.241.144.16
66.249.74.6 - - [16/Sep/2026:20:42:12 -0500] "GET /p/fold30257690?id=273948 HTTP/1.1" 500 - "-" "Mozilla/5.0 (Linux; Android 6.0.1; Nexus 5X Build/MMB29P) AppleWebKit/537.36 (KHTML, like Gecko) Chrome/153.0.8010.36 Mobile Safari/537.36 (compatible; Googlebot/2.1; +http://www.google.com/bot.html)" domersant.com 162.241.144.16
66.249.74.5 - - [16/Sep/2026:20:42:32 -0500] "GET /p/conju71697350?id=1713608 HTTP/1.1" 500 - "-" "Mozilla/5.0 (Linux; Android 6.0.1; Nexus 5X Build/MMB29P) AppleWebKit/537.36 (KHTML, like Gecko) Chrome/153.0.8010.36 Mobile Safari/537.36 (compatible; Googlebot/2.1; +http://www.google.com/bot.html)" domersant.com 162.241.144.16
66.249.74.4 - - [16/Sep/2026:20:42:49 -0500] "GET /p/stair42164411?id=2180669 HTTP/1.1" 500 - "-" "Mozilla/5.0 (Linux; Android 6.0.1; Nexus 5X Build/MMB29P) AppleWebKit/537.36 (KHTML, like Gecko) Chrome/153.0.8010.36 Mobile Safari/537.36 (compatible; Googlebot/2.1; +http://www.google.com/bot.html)" domersant.com 162.241.144.16
66.249.74.4 - - [16/Sep/2026:20:43:08 -0500] "GET /p/tailo31290138?id=1306396 HTTP/1.1" 500 - "-" "Mozilla/5.0 (Linux; Android 6.0.1; Nexus 5X Build/MMB29P) AppleWebKit/537.36 (KHTML, like Gecko) Chrome/153.0.8010.36 Mobile Safari/537.36 (compatible; Googlebot/2.1; +http://www.google.com/bot.html)" domersant.com 162.241.144.16
66.249.74.4 - - [16/Sep/2026:20:43:35 -0500] "GET /p/tone30074658?id=90916 HTTP/1.1" 500 - "-" "Mozilla/5.0 (Linux; Android 6.0.1; Nexus 5X Build/MMB29P) AppleWebKit/537.36 (KHTML, like Gecko) Chrome/153.0.8010.36 Mobile Safari/537.36 (compatible; Googlebot/2.1; +http://www.google.com/bot.html)" domersant.com 162.241.144.16
66.249.74.4 - - [16/Sep/2026:20:43:56 -0500] "GET /p/anoth30645234?id=661492 HTTP/1.1" 500 - "-" "Mozilla/5.0 (Linux; Android 6.0.1; Nexus 5X Build/MMB29P) AppleWebKit/537.36 (KHTML, like Gecko) Chrome/153.0.8010.36 Mobile Safari/537.36 (compatible; Googlebot/2.1; +http://www.google.com/bot.html)" domersant.com 162.241.144.16
66.249.74.4 - - [16/Sep/2026:20:46:01 -0500] "GET /p/alyss82027991?id=2044249 HTTP/1.1" 500 - "-" "Mozilla/5.0 (Linux; Android 6.0.1; Nexus 5X Build/MMB29P) AppleWebKit/537.36 (KHTML, like Gecko) Chrome/153.0.8010.36 Mobile Safari/537.36 (compatible; Googlebot/2.1; +http://www.google.com/bot.html)" domersant.com 162.241.144.16
66.249.74.4 - - [16/Sep/2026:20:46:35 -0500] "GET /p/life52833772?id=2850030 HTTP/1.1" 500 - "-" "Mozilla/5.0 (Linux; Android 6.0.1; Nexus 5X Build/MMB29P) AppleWebKit/537.36 (KHTML, like Gecko) Chrome/153.0.8010.36 Mobile Safari/537.36 (compatible; Googlebot/2.1; +http://www.google.com/bot.html)" domersant.com 162.241.144.16
66.249.74.4 - - [16/Sep/2026:20:47:14 -0500] "GET /p/pit82003511?id=2019769 HTTP/1.1" 500 - "-" "Mozilla/5.0 (Linux; Android 6.0.1; Nexus 5X Build/MMB29P) AppleWebKit/537.36 (KHTML, like Gecko) Chrome/153.0.8010.36 Mobile Safari/537.36 (compatible; Googlebot/2.1; +http://www.google.com/bot.html)" domersant.com 162.241.144.16
66.249.74.4 - - [16/Sep/2026:20:47:48 -0500] "GET /p/jet22254793?id=2271051 HTTP/1.1" 500 - "-" "Mozilla/5.0 (Linux; Android 6.0.1; Nexus 5X Build/MMB29P) AppleWebKit/537.36 (KHTML, like Gecko) Chrome/153.0.8010.36 Mobile Safari/537.36 (compatible; Googlebot/2.1; +http://www.google.com/bot.html)" domersant.com 162.241.144.16
157.55.39.201 - - [16/Sep/2026:20:48:01 -0500] "GET /p/staff81857447?id=1873705 HTTP/2.0" 500 - "-" "Mozilla/5.0 AppleWebKit/537.36 (KHTML, like Gecko; compatible; bingbot/2.0; +http://www.bing.com/bingbot.htm) Chrome/116.0.1938.76 Safari/537.36" domersant.com 162.241.144.16
216.73.217.46 - - [16/Sep/2026:20:54:54 -0500] "GET /sitemap.xml HTTP/2.0" 500 - "-" "Mozilla/5.0 AppleWebKit/537.36 (KHTML, like Gecko; compatible; ClaudeBot/1.0; +claudebot@anthropic.com)" domersant.com 162.241.144.16
66.249.74.5 - - [16/Sep/2026:20:55:05 -0500] "GET /p/pit82003511?id=2019769 HTTP/1.1" 500 - "-" "Mozilla/5.0 (Linux; Android 6.0.1; Nexus 5X Build/MMB29P) AppleWebKit/537.36 (KHTML, like Gecko) Chrome/153.0.8010.36 Mobile Safari/537.36 (compatible; Googlebot/2.1; +http://www.google.com/bot.html)" domersant.com 162.241.144.16
66.249.74.4 - - [16/Sep/2026:20:55:27 -0500] "GET /p/tailo31290138?id=1306396 HTTP/1.1" 500 - "-" "Mozilla/5.0 (Linux; Android 6.0.1; Nexus 5X Build/MMB29P) AppleWebKit/537.36 (KHTML, like Gecko) Chrome/153.0.8010.36 Mobile Safari/537.36 (compatible; Googlebot/2.1; +http://www.google.com/bot.html)" domersant.com 162.241.144.16
157.55.39.9 - - [16/Sep/2026:20:55:55 -0500] "GET /p/plura81763167?id=1779425 HTTP/2.0" 500 - "-" "Mozilla/5.0 AppleWebKit/537.36 (KHTML, like Gecko; compatible; bingbot/2.0; +http://www.bing.com/bingbot.htm) Chrome/116.0.1938.76 Safari/537.36" domersant.com 162.241.144.16
216.73.217.46 - - [16/Sep/2026:20:56:03 -0500] "GET /sitemapa.xml HTTP/2.0" 500 - "-" "Mozilla/5.0 AppleWebKit/537.36 (KHTML, like Gecko; compatible; ClaudeBot/1.0; +claudebot@anthropic.com)" domersant.com 162.241.144.16
216.73.217.46 - - [16/Sep/2026:20:56:22 -0500] "GET /sitemape.xml HTTP/2.0" 500 - "-" "Mozilla/5.0 AppleWebKit/537.36 (KHTML, like Gecko; compatible; ClaudeBot/1.0; +claudebot@anthropic.com)" domersant.com 162.241.144.16
216.73.217.46 - - [16/Sep/2026:20:57:18 -0500] "GET /sitemapd.xml HTTP/2.0" 500 - "-" "Mozilla/5.0 AppleWebKit/537.36 (KHTML, like Gecko; compatible; ClaudeBot/1.0; +claudebot@anthropic.com)" domersant.com 162.241.144.16
66.249.74.4 - - [16/Sep/2026:20:57:32 -0500] "GET /p/anoth30645234?id=661492 HTTP/1.1" 500 - "-" "Mozilla/5.0 (Linux; Android 6.0.1; Nexus 5X Build/MMB29P) AppleWebKit/537.36 (KHTML, like Gecko) Chrome/153.0.8010.36 Mobile Safari/537.36 (compatible; Googlebot/2.1; +http://www.google.com/bot.html)" domersant.com 162.241.144.16
216.73.217.46 - - [16/Sep/2026:20:57:44 -0500] "GET /sitemapb.xml HTTP/2.0" 500 - "-" "Mozilla/5.0 AppleWebKit/537.36 (KHTML, like Gecko; compatible; ClaudeBot/1.0; +claudebot@anthropic.com)" domersant.com 162.241.144.16
216.73.217.46 - - [16/Sep/2026:20:57:46 -0500] "GET /sitemapc.xml HTTP/2.0" 500 - "-" "Mozilla/5.0 AppleWebKit/537.36 (KHTML, like Gecko; compatible; ClaudeBot/1.0; +claudebot@anthropic.com)" domersant.com 162.241.144.16
66.249.74.4 - - [16/Sep/2026:20:57:58 -0500] "GET /p/conju71697350?id=1713608 HTTP/1.1" 500 - "-" "Mozilla/5.0 (Linux; Android 6.0.1; Nexus 5X Build/MMB29P) AppleWebKit/537.36 (KHTML, like Gecko) Chrome/153.0.8010.36 Mobile Safari/537.36 (compatible; Googlebot/2.1; +http://www.google.com/bot.html)" domersant.com 162.241.144.16
66.249.74.5 - - [16/Sep/2026:20:58:13 -0500] "GET /p/alyss82027991?id=2044249 HTTP/1.1" 500 - "-" "Mozilla/5.0 (Linux; Android 6.0.1; Nexus 5X Build/MMB29P) AppleWebKit/537.36 (KHTML, like Gecko) Chrome/153.0.8010.36 Mobile Safari/537.36 (compatible; Googlebot/2.1; +http://www.google.com/bot.html)" domersant.com 162.241.144.16
66.249.74.4 - - [16/Sep/2026:20:59:42 -0500] "GET /p/life52833772?id=2850030 HTTP/1.1" 500 - "-" "Mozilla/5.0 (Linux; Android 6.0.1; Nexus 5X Build/MMB29P) AppleWebKit/537.36 (KHTML, like Gecko) Chrome/153.0.8010.36 Mobile Safari/537.36 (compatible; Googlebot/2.1; +http://www.google.com/bot.html)" domersant.com 162.241.144.16
66.249.74.4 - - [16/Sep/2026:21:00:21 -0500] "GET /p/stair42164411?id=2180669 HTTP/1.1" 500 - "-" "Mozilla/5.0 (Linux; Android 6.0.1; Nexus 5X Build/MMB29P) AppleWebKit/537.36 (KHTML, like Gecko) Chrome/153.0.8010.36 Mobile Safari/537.36 (compatible; Googlebot/2.1; +http://www.google.com/bot.html)" domersant.com 162.241.144.16
66.249.74.4 - - [16/Sep/2026:21:00:42 -0500] "GET /p/jet22254793?id=2271051 HTTP/1.1" 500 - "-" "Mozilla/5.0 (Linux; Android 6.0.1; Nexus 5X Build/MMB29P) AppleWebKit/537.36 (KHTML, like Gecko) Chrome/153.0.8010.36 Mobile Safari/537.36 (compatible; Googlebot/2.1; +http://www.google.com/bot.html)" domersant.com 162.241.144.16
66.249.74.5 - - [16/Sep/2026:21:01:10 -0500] "GET /p/tone30074658?id=90916 HTTP/1.1" 500 - "-" "Mozilla/5.0 (Linux; Android 6.0.1; Nexus 5X Build/MMB29P) AppleWebKit/537.36 (KHTML, like Gecko) Chrome/153.0.8010.36 Mobile Safari/537.36 (compatible; Googlebot/2.1; +http://www.google.com/bot.html)" domersant.com 162.241.144.16
66.249.74.5 - - [16/Sep/2026:21:01:38 -0500] "GET /p/afte70095998?id=112256 HTTP/1.1" 500 - "-" "Mozilla/5.0 (Linux; Android 6.0.1; Nexus 5X Build/MMB29P) AppleWebKit/537.36 (KHTML, like Gecko) Chrome/153.0.8010.36 Mobile Safari/537.36 (compatible; Googlebot/2.1; +http://www.google.com/bot.html)" domersant.com 162.241.144.16
52.167.144.172 - - [16/Sep/2026:21:09:16 -0500] "GET /p/newsp70628486?id=644744 HTTP/2.0" 500 - "-" "Mozilla/5.0 AppleWebKit/537.36 (KHTML, like Gecko; compatible; bingbot/2.0; +http://www.bing.com/bingbot.htm) Chrome/116.0.1938.76 Safari/537.36" domersant.com 162.241.144.16
66.249.74.5 - - [16/Sep/2026:21:11:55 -0500] "GET /p/conju71697350?id=1713608 HTTP/1.1" 500 - "-" "Mozilla/5.0 (Linux; Android 6.0.1; Nexus 5X Build/MMB29P) AppleWebKit/537.36 (KHTML, like Gecko) Chrome/153.0.8010.36 Mobile Safari/537.36 (compatible; Googlebot/2.1; +http://www.google.com/bot.html)" domersant.com 162.241.144.16
66.249.74.4 - - [16/Sep/2026:21:17:12 -0500] "GET /p/afte70095998?id=112256 HTTP/1.1" 500 - "-" "Mozilla/5.0 (Linux; Android 6.0.1; Nexus 5X Build/MMB29P) AppleWebKit/537.36 (KHTML, like Gecko) Chrome/153.0.8010.36 Mobile Safari/537.36 (compatible; Googlebot/2.1; +http://www.google.com/bot.html)" domersant.com 162.241.144.16
66.249.74.4 - - [16/Sep/2026:21:18:56 -0500] "GET /p/drop60800613?id=816871 HTTP/1.1" 500 - "-" "Mozilla/5.0 (Linux; Android 6.0.1; Nexus 5X Build/MMB29P) AppleWebKit/537.36 (KHTML, like Gecko) Chrome/153.0.8010.36 Mobile Safari/537.36 (compatible; Googlebot/2.1; +http://www.google.com/bot.html)" domersant.com 162.241.144.16
66.249.74.5 - - [16/Sep/2026:21:29:34 -0500] "GET /p/conju71697350?id=1713608 HTTP/1.1" 500 - "-" "Mozilla/5.0 (Linux; Android 6.0.1; Nexus 5X Build/MMB29P) AppleWebKit/537.36 (KHTML, like Gecko) Chrome/153.0.8010.36 Mobile Safari/537.36 (compatible; Googlebot/2.1; +http://www.google.com/bot.html)" domersant.com 162.241.144.16
66.249.74.6 - - [16/Sep/2026:21:35:33 -0500] "GET /p/afte70095998?id=112256 HTTP/1.1" 500 - "-" "Mozilla/5.0 (Linux; Android 6.0.1; Nexus 5X Build/MMB29P) AppleWebKit/537.36 (KHTML, like Gecko) Chrome/153.0.8010.36 Mobile Safari/537.36 (compatible; Googlebot/2.1; +http://www.google.com/bot.html)" domersant.com 162.241.144.16
66.249.74.5 - - [16/Sep/2026:21:45:15 -0500] "GET /p/conju71697350?id=1713608 HTTP/1.1" 500 - "-" "Mozilla/5.0 (Linux; Android 6.0.1; Nexus 5X Build/MMB29P) AppleWebKit/537.36 (KHTML, like Gecko) Chrome/153.0.8010.36 Mobile Safari/537.36 (compatible; Googlebot/2.1; +http://www.google.com/bot.html)" domersant.com 162.241.144.16
35.194.57.199 - - [16/Sep/2026:21:53:27 -0500] "GET /.git/config HTTP/1.1" 500 - "-" "Mozilla/5.0 (Macintosh; Intel Mac OS X 15_5) AppleWebKit/537.36 (KHTML, like Gecko) Chrome/138.0.0.0 Safari/537.36 Edg/138.0.0.0" www.domersant.domersantgroup.com 162.241.144.16
177.8.44.183 - - [16/Sep/2026:21:55:47 -0500] "GET / HTTP/1.1" 500 - "https://searchrankingchecker.site/dir/results-focused-backlinks-57282" "Mozilla/5.0 (Windows NT 10.0; Win64; x64; rv:123.0) Gecko/20100101 Firefox/123.0" domersant.com 162.241.144.16
207.46.13.170 - - [16/Sep/2026:21:59:13 -0500] "GET /p/media71327750?id=1344008 HTTP/2.0" 500 - "-" "Mozilla/5.0 AppleWebKit/537.36 (KHTML, like Gecko; compatible; bingbot/2.0; +http://www.bing.com/bingbot.htm) Chrome/116.0.1938.76 Safari/537.36" domersant.com 162.241.144.16
207.46.13.170 - - [16/Sep/2026:21:59:57 -0500] "GET /p/looko20605457?id=621715 HTTP/2.0" 500 - "-" "Mozilla/5.0 AppleWebKit/537.36 (KHTML, like Gecko; compatible; bingbot/2.0; +http://www.bing.com/bingbot.htm) Chrome/116.0.1938.76 Safari/537.36" domersant.com 162.241.144.16
35.205.109.208 - - [16/Sep/2026:22:02:44 -0500] "GET / HTTP/1.1" 406 226 "-" "python-requests/2.34.2" domersant.com 162.241.144.16
74.7.175.191 - - [16/Sep/2026:22:07:19 -0500] "GET /robots.txt HTTP/2.0" 200 116 "-" "Mozilla/5.0 (Macintosh; Intel Mac OS X 10_15_7) AppleWebKit/537.36 (KHTML, like Gecko) Chrome/131.0.0.0 Safari/537.36; compatible; OAI-SearchBot/1.4; robots.txt; +https://openai.com/searchbot" www.domersant.domersantgroup.com 162.241.144.16
74.7.243.195 - - [16/Sep/2026:22:07:19 -0500] "GET / HTTP/2.0" 500 - "-" "Mozilla/5.0 AppleWebKit/537.36 (KHTML, like Gecko; compatible; GPTBot/1.4; +https://openai.com/gptbot)" www.domersant.domersantgroup.com 162.241.144.16
157.55.39.195 - - [16/Sep/2026:22:17:24 -0500] "GET /p/dinne20432553?id=448811 HTTP/2.0" 500 - "-" "Mozilla/5.0 AppleWebKit/537.36 (KHTML, like Gecko; compatible; bingbot/2.0; +http://www.bing.com/bingbot.htm) Chrome/116.0.1938.76 Safari/537.36" domersant.com 162.241.144.16
216.73.217.46 - - [16/Sep/2026:22:20:28 -0500] "GET /robots.txt HTTP/2.0" 200 116 "-" "Mozilla/5.0 AppleWebKit/537.36 (KHTML, like Gecko; compatible; ClaudeBot/1.0; +claudebot@anthropic.com)" domersant.com 162.241.144.16
216.73.217.46 - - [16/Sep/2026:22:20:28 -0500] "GET /sitemapa.xml HTTP/2.0" 500 - "-" "Mozilla/5.0 AppleWebKit/537.36 (KHTML, like Gecko; compatible; ClaudeBot/1.0; +claudebot@anthropic.com)" domersant.com 162.241.144.16
216.73.217.46 - - [16/Sep/2026:22:21:28 -0500] "GET /sitemapb.xml HTTP/2.0" 500 - "-" "Mozilla/5.0 AppleWebKit/537.36 (KHTML, like Gecko; compatible; ClaudeBot/1.0; +claudebot@anthropic.com)" domersant.com 162.241.144.16
216.73.217.46 - - [16/Sep/2026:22:23:06 -0500] "GET /sitemap.xml HTTP/2.0" 500 - "-" "Mozilla/5.0 AppleWebKit/537.36 (KHTML, like Gecko; compatible; ClaudeBot/1.0; +claudebot@anthropic.com)" domersant.com 162.241.144.16
216.73.217.46 - - [16/Sep/2026:22:23:26 -0500] "GET /sitemapc.xml HTTP/2.0" 500 - "-" "Mozilla/5.0 AppleWebKit/537.36 (KHTML, like Gecko; compatible; ClaudeBot/1.0; +claudebot@anthropic.com)" domersant.com 162.241.144.16
216.73.217.46 - - [16/Sep/2026:22:23:56 -0500] "GET /sitemapd.xml HTTP/2.0" 500 - "-" "Mozilla/5.0 AppleWebKit/537.36 (KHTML, like Gecko; compatible; ClaudeBot/1.0; +claudebot@anthropic.com)" domersant.com 162.241.144.16
216.73.217.46 - - [16/Sep/2026:22:24:13 -0500] "GET /sitemape.xml HTTP/2.0" 500 - "-" "Mozilla/5.0 AppleWebKit/537.36 (KHTML, like Gecko; compatible; ClaudeBot/1.0; +claudebot@anthropic.com)" domersant.com 162.241.144.16
74.7.241.47 - - [16/Sep/2026:22:42:39 -0500] "GET /sitemapd.xml HTTP/2.0" 500 - "-" "Mozilla/5.0 AppleWebKit/537.36 (KHTML, like Gecko; compatible; GPTBot/1.4; +https://openai.com/gptbot)" domersant.com 162.241.144.16
157.55.39.197 - - [16/Sep/2026:22:43:36 -0500] "GET /p/grace11514656?id=1530914 HTTP/2.0" 500 - "-" "Mozilla/5.0 AppleWebKit/537.36 (KHTML, like Gecko; compatible; bingbot/2.0; +http://www.bing.com/bingbot.htm) Chrome/116.0.1938.76 Safari/537.36" domersant.com 162.241.144.16
74.7.241.47 - - [16/Sep/2026:22:47:49 -0500] "GET /sitemapa.xml HTTP/2.0" 500 - "-" "Mozilla/5.0 AppleWebKit/537.36 (KHTML, like Gecko; compatible; GPTBot/1.4; +https://openai.com/gptbot)" domersant.com 162.241.144.16
216.73.217.46 - - [16/Sep/2026:22:52:29 -0500] "GET /sitemape.xml HTTP/2.0" 500 - "-" "Mozilla/5.0 AppleWebKit/537.36 (KHTML, like Gecko; compatible; ClaudeBot/1.0; +claudebot@anthropic.com)" domersant.com 162.241.144.16
216.73.217.46 - - [16/Sep/2026:22:53:22 -0500] "GET /sitemapa.xml HTTP/2.0" 500 - "-" "Mozilla/5.0 AppleWebKit/537.36 (KHTML, like Gecko; compatible; ClaudeBot/1.0; +claudebot@anthropic.com)" domersant.com 162.241.144.16
216.73.217.46 - - [16/Sep/2026:22:53:58 -0500] "GET /sitemapd.xml HTTP/2.0" 500 - "-" "Mozilla/5.0 AppleWebKit/537.36 (KHTML, like Gecko; compatible; ClaudeBot/1.0; +claudebot@anthropic.com)" domersant.com 162.241.144.16
216.73.217.46 - - [16/Sep/2026:22:54:24 -0500] "GET /sitemapc.xml HTTP/2.0" 500 - "-" "Mozilla/5.0 AppleWebKit/537.36 (KHTML, like Gecko; compatible; ClaudeBot/1.0; +claudebot@anthropic.com)" domersant.com 162.241.144.16
74.7.241.47 - - [16/Sep/2026:22:54:53 -0500] "GET /sitemape.xml HTTP/2.0" 500 - "-" "Mozilla/5.0 AppleWebKit/537.36 (KHTML, like Gecko; compatible; GPTBot/1.4; +https://openai.com/gptbot)" domersant.com 162.241.144.16
216.73.217.46 - - [16/Sep/2026:22:55:48 -0500] "GET /sitemap.xml HTTP/2.0" 500 - "-" "Mozilla/5.0 AppleWebKit/537.36 (KHTML, like Gecko; compatible; ClaudeBot/1.0; +claudebot@anthropic.com)" domersant.com 162.241.144.16
216.73.217.46 - - [16/Sep/2026:22:55:51 -0500] "GET /sitemapb.xml HTTP/2.0" 500 - "-" "Mozilla/5.0 AppleWebKit/537.36 (KHTML, like Gecko; compatible; ClaudeBot/1.0; +claudebot@anthropic.com)" domersant.com 162.241.144.16
74.7.241.47 - - [16/Sep/2026:22:59:12 -0500] "GET /sitemapc.xml HTTP/2.0" 500 - "-" "Mozilla/5.0 AppleWebKit/537.36 (KHTML, like Gecko; compatible; GPTBot/1.4; +https://openai.com/gptbot)" domersant.com 162.241.144.16
157.55.39.61 - - [16/Sep/2026:23:04:12 -0500] "GET /p/effic40558067?id=574325 HTTP/2.0" 500 - "-" "Mozilla/5.0 AppleWebKit/537.36 (KHTML, like Gecko; compatible; bingbot/2.0; +http://www.bing.com/bingbot.htm) Chrome/116.0.1938.76 Safari/537.36" domersant.com 162.241.144.16
74.7.241.47 - - [16/Sep/2026:23:05:29 -0500] "GET /sitemapb.xml HTTP/2.0" 500 - "-" "Mozilla/5.0 AppleWebKit/537.36 (KHTML, like Gecko; compatible; GPTBot/1.4; +https://openai.com/gptbot)" domersant.com 162.241.144.16
66.249.74.6 - - [16/Sep/2026:23:05:48 -0500] "GET /robots.txt HTTP/1.1" 200 116 "-" "Mozilla/5.0 (compatible; Googlebot/2.1; +http://www.google.com/bot.html)" domersant.com 162.241.144.16
66.249.74.6 - - [16/Sep/2026:23:05:48 -0500] "GET /p/enhan61690189?id=1706447 HTTP/1.1" 500 - "-" "Mozilla/5.0 (Linux; Android 6.0.1; Nexus 5X Build/MMB29P) AppleWebKit/537.36 (KHTML, like Gecko) Chrome/153.0.8010.36 Mobile Safari/537.36 (compatible; Googlebot/2.1; +http://www.google.com/bot.html)" domersant.com 162.241.144.16
74.7.241.47 - - [16/Sep/2026:23:08:05 -0500] "GET /sitemap.xml HTTP/2.0" 500 - "-" "Mozilla/5.0 AppleWebKit/537.36 (KHTML, like Gecko; compatible; GPTBot/1.4; +https://openai.com/gptbot)" domersant.com 162.241.144.16
52.167.144.176 - - [16/Sep/2026:23:11:57 -0500] "GET /p/grade60736413?id=752671 HTTP/2.0" 500 - "-" "Mozilla/5.0 AppleWebKit/537.36 (KHTML, like Gecko; compatible; bingbot/2.0; +http://www.bing.com/bingbot.htm) Chrome/116.0.1938.76 Safari/537.36" domersant.com 162.241.144.16
34.122.246.239 - - [16/Sep/2026:23:17:01 -0500] "GET /.git/config HTTP/1.1" 500 - "-" "Mozilla/5.0 (X11; Linux x86_64; rv:128.0) Gecko/20100101 Firefox/128.0" www.domersant.domersantgroup.com 162.241.144.16
66.249.74.4 - - [16/Sep/2026:23:28:55 -0500] "GET /p/build70468462?id=484720 HTTP/1.1" 500 - "-" "Mozilla/5.0 (Linux; Android 6.0.1; Nexus 5X Build/MMB29P) AppleWebKit/537.36 (KHTML, like Gecko) Chrome/153.0.8010.36 Mobile Safari/537.36 (compatible; Googlebot/2.1; +http://www.google.com/bot.html)" domersant.com 162.241.144.16
66.249.74.4 - - [16/Sep/2026:23:33:17 -0500] "GET /p/plus50859044?id=875302 HTTP/1.1" 500 - "-" "Mozilla/5.0 (Linux; Android 6.0.1; Nexus 5X Build/MMB29P) AppleWebKit/537.36 (KHTML, like Gecko) Chrome/153.0.8010.36 Mobile Safari/537.36 (compatible; Googlebot/2.1; +http://www.google.com/bot.html)" domersant.com 162.241.144.16
207.46.13.126 - - [16/Sep/2026:23:57:28 -0500] "GET /p/examp10020472?id=36730 HTTP/2.0" 500 - "-" "Mozilla/5.0 AppleWebKit/537.36 (KHTML, like Gecko; compatible; bingbot/2.0; +http://www.bing.com/bingbot.htm) Chrome/116.0.1938.76 Safari/537.36" domersant.com 162.241.144.16
66.249.74.6 - - [16/Sep/2026:23:57:31 -0500] "GET /p/enhan61690189?id=1706447 HTTP/1.1" 500 - "-" "Mozilla/5.0 (Linux; Android 6.0.1; Nexus 5X Build/MMB29P) AppleWebKit/537.36 (KHTML, like Gecko) Chrome/153.0.8010.36 Mobile Safari/537.36 (compatible; Googlebot/2.1; +http://www.google.com/bot.html)" domersant.com 162.241.144.16
216.73.217.46 - - [17/Sep/2026:00:00:30 -0500] "GET /robots.txt HTTP/2.0" 200 116 "-" "Mozilla/5.0 AppleWebKit/537.36 (KHTML, like Gecko; compatible; ClaudeBot/1.0; +claudebot@anthropic.com)" domersant.com 162.241.144.16
216.73.217.46 - - [17/Sep/2026:00:00:30 -0500] "GET /sitemape.xml HTTP/2.0" 500 - "-" "Mozilla/5.0 AppleWebKit/537.36 (KHTML, like Gecko; compatible; ClaudeBot/1.0; +claudebot@anthropic.com)" domersant.com 162.241.144.16
216.73.217.46 - - [17/Sep/2026:00:01:02 -0500] "GET /sitemapb.xml HTTP/2.0" 500 - "-" "Mozilla/5.0 AppleWebKit/537.36 (KHTML, like Gecko; compatible; ClaudeBot/1.0; +claudebot@anthropic.com)" domersant.com 162.241.144.16
216.73.217.46 - - [17/Sep/2026:00:03:05 -0500] "GET /sitemapd.xml HTTP/2.0" 500 - "-" "Mozilla/5.0 AppleWebKit/537.36 (KHTML, like Gecko; compatible; ClaudeBot/1.0; +claudebot@anthropic.com)" domersant.com 162.241.144.16
216.73.217.46 - - [17/Sep/2026:00:03:24 -0500] "GET /sitemap.xml HTTP/2.0" 500 - "-" "Mozilla/5.0 AppleWebKit/537.36 (KHTML, like Gecko; compatible; ClaudeBot/1.0; +claudebot@anthropic.com)" domersant.com 162.241.144.16
